f 3 + (-2 + -3 + 3 - 5)?
-4
Evaluate -10 + 17 + 5 + -16.
-4
Calculate 1 + -4 + (1 - -1).
-1
38 + -41 + (-3 - -1)
-5
What is the value of 3 + -7 - 3 - -6?
-1
What is 0 - (-2 + 1) - -6 - 2?
5
What is the value of (-4 - 0) + 9 + -11 + 2?
-4
What is -3 - 1 - -6 - 3?
-1
What is the value of -5 + 13 + (-12 - 0)?
-4
1 - (2 - -1 - (0 - 0))
-2
Calculate -2 + (1 - -4) + 0 + -6.
-3
What is -2 - (4 + 12) - -11?
-7
Calculate (-14 - -2 - -8) + 7.
3
What is -5 + (0 - 4) - -5?
-4
6 - (-9 + 1) - 8
6
What is -2 + 1 + 6 + -3?
2
(-17 - -7 - -7) + 8
5
-1 + (-1 - 4) + 2
-4
3 + (2 - (3 - 1))
3
2 + 5 + -16 + 5
-4
What is the value of 6 + -1 + 1 - (-4 + 7)?
3
What is the value of 0 + -1 + 4 - 3?
0
What is the value of -22 + 17 + 7 + 0 + 7?
9
Evaluate -6 + (7 - 1) - (-3 - 4).
7
What is the value of (4 + -3 - 4) + 3 + 1?
1
What is the value of -4 - (3 - 2 - 4 - 3)?
2
What is 1 + (1 - 3) + 0?
-1
Evaluate -2 + (4 - -1) - (7 + -5).
1
Calculate 5 + -3 - (-1 - (4 - 1)).
6
Evaluate -3 + (-1 - 1) + 8 + -8.
-5
Evaluate -5 - (5 + -3 - 3).
-4
Evaluate 3 + -1 + -2 - (25 - 20).
-5
(4 - (-5 + 1)) + 0 - 5
3
What is the value of -1 - (9 + 2 - 5)?
-7
Calculate (11 - 2) + 1 + -7.
3
Evaluate -7 + 10 + 3 - 0.
6
Calculate 6 + (6 - (-2 + (-3 - -11))).
6
What is 5 + -8 + (-6 - (5 - 7))?
-7
What is the value of -3 + (11 - (-3 + 13 + -5))?
3
What is the value of -3 + 4 + -7 + 3?
-3
Evaluate -4 - -1 - (-7 + 4 + 2).
-2
Calculate -7 + (9 - 3) + -2 + 1.
-2
7 + (-5 - -1) + (4 - 2)
5
Evaluate -6 - (5 + (-12 + 5 - 3)).
-1
What is the value of (-7 - (2 - 4)) + 3 - -2?
0
What is the value of (1 - -5) + -4 - -2?
4
Evaluate -3 + -2 + 3 - (1 - 11).
8
What is the value of 13 + -1 + -10 + 1 + 3?
6
(-1 - (-4 - -7)) + -1
-5
What is the value of (3 - 0) + (2 - 5)?
0
0 + 12 + 8 + -18
2
Evaluate 2 + 3 + -4 + 2.
3
What is the value of 11 - 3 - ((5 - 0) + -1)?
4
Calculate -4 - (3 + -1 + -3).
-3
What is (1 - -2 - 6) + 0?
-3
Calculate 7 + -9 - (2 - -1).
-5
28 + -26 - (0 + -1)
3
What is the value of -4 - (4 + -9 + 0)?
1
-11 - ((7 - 7) + -5)
-6
Calculate 6 - 0 - (15 + -11 + -1).
3
What is -6 + 2 - (1 + -3)?
-2
What is 4 - ((-4 - 1) + 5 + -2)?
6
Evaluate -2 - (-3 - -2 - (-1 - 0)).
-2
Evaluate 6 - ((-6 - (6 + -6)) + 2).
10
Calculate 5 + (-1 + -7 - -4).
1
Evaluate -3 + 3 - (2 + (-6 - -5)).
-1
27 + -21 + (-1 - (2 + 4))
-1
Calculate -4 + ((-5 - -8) + -2 - -2).
-1
What is the value of (2 - -1) + (38 - 20 - 25)?
-4
What is the value of -2 + 2 - (-4 + (-4 - -7))?
1
What is -5 - (-20 + 9 + 3)?
3
What is -4 + -4 + 3 + -1 + 9?
3
Calculate -8 + 1 - (0 + -11 + 12).
-8
What is (20 - 5) + (-19 - 5)?
-9
Evaluate 3 + -12 - (-2 - 2).
-5
Calculate 5 - (7 + -1) - -6.
5
What is 1 + 1 - (-1 - (8 - 15))?
-4
Evaluate -7 + -2 - (1 + 5 + -10).
-5
Calculate 11 - (25 + -8) - 1.
-7
Evaluate (-1 - (-13 + 8)) + (3 - 5).
2
Calculate (-2 - (7 - 12)) + -5 + 1.
-1
What is -1 + -4 - (-5 - -1) - 3?
-4
What is 2 + -7 + -9 + (5 - -2)?
-7
Calculate (0 - 1 - (2 - 6)) + -4.
-1
What is the value of 4 + -3 + 2 + 0?
3
-3 + 12 - 7 - -5
7
(-1 + 0 - 3) + (6 - 5)
-3
What is the value of 2 - (-5 + (-2 + 12 - -1))?
-4
-1 + -6 + 1 - -8
2
Calculate -2 - (-5 + -2 - -11).
-6
What is -1 + 2 + -4 + 1?
-2
What is -3 + (-2 - (1 + -5)) + 4?
3
Evaluate -2 - (-2 + -2 + 2).
0
What is -2 + 0 + (11 + -6 - 12)?
-9
Calculate -12 + (-6 - -12) + 6.
0
What is the value of (0 - 1 - -4) + 0?
3
What is the value of (-4 - 1 - -6) + (2 - 8)?
-5
What is the value of -28 - -27 - (4 - (-2 - 0))?
-7
What is the value of -3 - (-6 - 0) - 1?
2
Evaluate (-1 - 5) + -6 + 11.
-1
What is the value of -2 - (7 + (-6 - -2))?
-5
1 - (-4 - (7 - 9) - -7)
-4
Calculate (2 - 4) + -1 + 2.
-1
Calculate 7 - (24 + -14 + 5).
-8
-7 - (-1 + -4 - -3) - -2
-3
What is the value of 0 - -7 - 4 - 9?
-6
What is 12 + -11 + 1 + -4?
-2
What is the value of 0 - 1 - (2 - (-2 - -10))?
5
Evaluate (-3 - (-9 - -4) - 1) + 0.
1
What is -1 + -18 + (146 - 134)?
-7
What is 1 + -5 + (-19 - -1) + 16?
-6
What is 1 + 0 - (-15 - -29 - 24)?
11
Calculate 21 + -23 + (6 - 2).
2
Evaluate -2 + (0 - 7 - (-8 + 4)).
-5
Calculate (8 - 1 - 2) + -3 - 2.
0
Calculate (4 - 4) + -6 - -13.
7
What is 28 - 38 - (1 + -9)?
-2
6 + 1 + -2 + -3 + -6
-4
Calculate -4 + 0 + (3 - 2 - -2).
-1
What is the value of -7 + (-1 - (5 - 10)) + 10?
7
Evaluate -2 - (1 + 1 - 7) - 0.
3
14 + -15 - (1 + 2 + 1)
-5
Calculate 7 - ((-13 - -5) + 15).
0
-11 + 0 - (5 - 15)
-1
What is 2 + -1 - (-3 + 2 + 4)?
-2
Evaluate 2 + 0 + -21 + 24.
5
Evaluate -4 + 0 - (-1 - 1 - 4).
2
-8 + 4 - (1 + -3)
-2
Calculate 5 + -1 - -10 - 8.
6
Calculate -4 - (-3 + 0 - 6).
5
-2 + 0 + 8 + -2
4
Calculate 1 + -23 - (-16 + 3).
-9
Evaluate -2 + 2 - (-6 + 6).
0
Calculate -9 + (-19 - -23 - (-14 - 2)).
11
-2 - ((1 - -2) + -3)
-2
5 + (5 - 6) + -2
2
What is (-6 - -7) + (-3 - (-1 - 1))?
0
What is the value of 4 - 15 - -1 - -5?
-5
Evaluate -25 + 22 + 1 + 1.
-1
What is -35 + 11 + 11 - -9?
-4
What is the value of 1 + (2 - 2 - 5) + 4?
0
Calculate 9 - 5 - (2 + -3).
5
What is 2 + 1 - (17 - 15)?
1
9 + -4 + -4 - (5 + -2)
-2
6 + -5 - 6 - -2
-3
Evaluate 0 - -4 - (8 + -2 - 2).
0
What is the value of 1 - -5 - (15 + -8)?
-1
-1 - -4 - (5 - 7)
5
-5 + 8 + -1 + -2 + 3
3
8 + -10 + 3 + 1 - -1
3
Evaluate -3 - (-3 - (1 - 6)) - -2.
-3
Calculate -14 + 7 - (-20 - -6).
7
7 - (-4 + 1 - -9) - -6
7
What is 2 + 3 - (1 + 0) - -1?
5
What is the value of -20 - -19 - (2 - (0 + -1))?
-4
-1 + -2 + -2 + 1 + 3
-1
Evaluate (1 + -7 - -9) + -3.
0
Calculate -5 + 8 - (1 + -5 - -4).
3
Evaluate -5 - 2 - (1 + -2 + -6).
0
Evaluate (7 - 2) + (-9 - -11 - 1).
6
Calculate -7 - (-11 + 7 - -4).
-7
-1 + 3 + 23 + -20
5
What is the value of 10 + 0 + -114 + 109?
5
Evaluate 21 + (-12 - -5) - 22.
-8
What is -4 - (5 + (-8 - -3))?
-4
What is -10 + (6 - (8 + -10))?
-2
What is the value of 0 + 4 + 9 + (-1 - 8)?
4
Calculate -3 + 3 + -1 - (-1 - -2).
-2
-14 - (-4 + 5 + -8) - -7
0
-9 + (-4 - (-3 + 5 + -10))
-5
Calculate 14 + (-5 - -5) + -22.
-8
Evaluate -3 - 0 - (-3 - 0).
0
Evaluate 3 + 0 - (-5 - (-5 - 1)).
2
What is -9 - (2 + -4 + 0 - 2)?
-5
Evaluate 0 - 1 - (1 - 3).
1
Evaluate (-1 - (-4 - -9)) + 2.
-4
What is (2 - 8) + (-11 - (5 - 12))?
-10
What is -28 - -18 - (-4 - 4)?
-2
Evaluate -141 + 144 + (2 + -4 - 0).
1
What is -3 + 2 - (2 - 6)?
3
(5 + -12 - -9) + 0 + 2
4
Evaluate 1 + (-2 - 0) - 0.
-1
Calculate -1 - (11 + -5) - -2.
-5
Calculate 1 + (3 - (-5 - (1 + -3))).
7
Calculate (0 + -4 - (1 - 2)) + 0.
-3
Calculate 6 - 5 - -2 - 1.
2
100 - 106 - (0 + 0 + -13)
7
Calculate 11 - 14 - -2 - -4.
3
Calculate (6 - 1) + (9 - 15 - -1).
0
Evaluate 8 + 3 + -9 + -6.
-4
What is -9 + 4 + (4 - (-3 - -1))?
1
What is the value of -5 - (3 - 0 - (2 + 2))?
-4
-4 - ((4 - 0) + -4 + -5)
1
Calculate 2 - (-5 - -10 - -1).
-4
10 + 10 + (-26 - -6)
0
-7 - (4 - 6 - 3)
-2
Calculate (7 - 2) + -6 - -2.
1
What is -4 - (0 + 1 - 4)?
-1
Evaluate (-5 - -1) + (25 - 27).
-6
What is the value of -6 - (-6 - 1) - (-3 + 1)?
3
(10 - 4) + 3 + -18 + 3
-6
-3 - (-1 + 1 + -1)
-2
4 + (-4 - -2) + -7
-5
Evaluate (8 - 23) + 5 - (0 - 0).
-10
Calculate 0 + -1 + -4 + 13 + -5.
3
What is the value of (5 - 1) + -20 + (8 - 0)?
-8
Evaluate -1 + -5 + -3 + -1 - -7.
-3
What is 12 + -5 + -4 + 0 + -3?
0
-2 + (14 - 10) + -6
-4
What is 0 + 0 + -2 + (3 - 1)?
0
Calculate -30 - -13 - -13 - (-6 - 0).
2
Evaluate 4 + -1 + (-53 - -41).
-9
-3 - (-13 - -10 - -6)
-6
(-35 - -27) + 2 + 0 + -3
-9
What is -1 + 4 - (1 + -1 - -4)?
-1
Evaluate -5 + 8 + -5 + 2.
0
Calculate 3 + (-4 + 2 - (-4 + 1)).
4
What is 1 - 4 - (14 + -13)?
-4
What is the value of -4 - (4 - (-3 + 7))?
-4
Evaluate (4 - 3) + 2 + -2.
1
Evaluate (4 - (-2 + 2)) + -35 + 35.
4
What is 1 - (-2 + 3) - (12 + -14)?
2
What is 2 - (0 - 0) - -3?
5
Evaluate 8 - ((7 - 3) + -2 + 2).
4
What is the value of -5 + 3 + (2 - 5) + 10?
5
Calculate 0 + 2 - (-2 - (-7 - -5)).
2
What is the value of -1 - ((-2 - (3 + -2)) + 4)?
-2
8 - (6 + -6 - -10)
-2
0 - (-1 - 4 - (1 + -11))
-5
Calculate -4 - -15 - ((6 - -1) + -2).
6
(-11 - (-9 + -2)) + 7
7
What is the value of 1 + (2 + (0 - -1) - -1)?
5
33 + -48 + -4 + 17
-2
Evaluate 1 + -2 + -1 - -3.
1
Evaluate (-3 - -1) + -1 + 6 + -5.
-2
What is (-4 - -5) + (4 - 7)?
-2
What is the value of 1 - (0 + 2 + -2 + -1)?
2
Evaluate 11 + (-9 - -10) + -18.
-6
Calculate (19 - 8) + -5 + -5.
1
Evaluate (-21 + 38 - 15) + (0 - -2).
4
Calculate -8 + (-11 + 6 - -19) + 4.
10
(-8 - (-21 - -15)) + -4
-6
(-2 - 4) + (3 - -